60?
545
What is the highest common factor of 17063074 and 14130?
314
What is the greatest common factor of 27504137 and 3723?
73
Calculate the highest common divisor of 2988876 and 308.
44
Calculate the greatest common factor of 4995 and 32540760.
1665
What is the greatest common divisor of 402 and 84190726?
134
What is the highest common factor of 1499266 and 1194?
398
What is the greatest common factor of 85714967 and 9684?
269
Calculate the highest common factor of 92580 and 62076.
12
What is the highest common factor of 289000 and 96800?
200
What is the greatest common factor of 3938913 and 99825?
363
Calculate the highest common divisor of 219 and 124729260.
219
Calculate the highest common factor of 1537900 and 1014.
338
Calculate the highest common factor of 1225 and 154387975.
1225
Calculate the greatest common divisor of 7785 and 436365.
45
What is the highest common factor of 78599382 and 13618?
1238
What is the highest common divisor of 46 and 5661588?
46
What is the greatest common factor of 14823 and 1536285?
183
What is the greatest common divisor of 60137 and 4921?
7
Calculate the highest common divisor of 1332751 and 611286.
461
Calculate the greatest common factor of 203715765 and 180.
45
Calculate the highest common factor of 686 and 1388954.
98
Calculate the highest common divisor of 224 and 265457152.
32
What is the greatest common divisor of 5122 and 611702?
26
What is the greatest common divisor of 52309 and 85289?
17
Calculate the greatest common divisor of 2937 and 164010.
33
What is the greatest common factor of 150971 and 23638?
223
What is the greatest common divisor of 1344 and 1703936?
64
What is the greatest common factor of 21400857 and 78813?
1251
What is the greatest common factor of 32 and 5440720?
16
What is the greatest common factor of 21140 and 207865?
35
What is the highest common factor of 3 and 519424014?
3
Calculate the greatest common divisor of 11814 and 1080090.
66
What is the highest common divisor of 37786 and 14826?
14
What is the highest common divisor of 2750926 and 6974?
634
Calculate the highest common divisor of 782495 and 175460.
1415
Calculate the highest common divisor of 7495168 and 416.
32
What is the highest common factor of 3625 and 37550?
25
Calculate the highest common divisor of 9086 and 1883266.
154
Calculate the greatest common factor of 1271056 and 96016.
272
What is the highest common divisor of 4000 and 720224?
32
Calculate the greatest common factor of 30728817 and 8109.
477
Calculate the greatest common factor of 6898338 and 1566.
54
Calculate the highest common factor of 63361251 and 46.
23
Calculate the greatest common divisor of 1094980 and 6095.
265
What is the greatest common divisor of 152 and 65154952?
152
Calculate the greatest common divisor of 964076 and 696.
116
Calculate the highest common divisor of 32125 and 574909.
257
What is the highest common divisor of 12564 and 4068?
36
Calculate the greatest common divisor of 219934712 and 7242.
2414
Calculate the highest common divisor of 11355751 and 1122.
11
Calculate the greatest common divisor of 2668719575 and 9025.
9025
Calculate the highest common factor of 2242932 and 126811.
601
Calculate the greatest common factor of 206916 and 645.
129
What is the highest common factor of 2 and 856811?
1
What is the highest common divisor of 107646 and 174348075?
7689
Calculate the greatest common divisor of 1107562 and 19334.
2762
Calculate the highest common factor of 188 and 809231.
1
What is the highest common factor of 86000 and 416750?
250
What is the highest common factor of 14218730 and 30?
10
What is the highest common divisor of 142 and 629137603?
71
What is the greatest common divisor of 36916 and 790338?
1678
Calculate the highest common factor of 20 and 3556630.
10
What is the highest common factor of 72 and 169753480?
8
Calculate the highest common factor of 512354 and 3821527.
2641
Calculate the greatest common factor of 8155 and 27586035.
1165
Calculate the greatest common factor of 12187782 and 18.
18
What is the highest common factor of 406 and 192212783?
203
What is the greatest common factor of 42296714 and 34?
34
What is the greatest common factor of 4486990 and 12670?
1810
Calculate the greatest common factor of 3118087 and 12670.
1267
Calculate the greatest common divisor of 378302449 and 985.
197
Calculate the greatest common divisor of 10391685 and 24.
3
Calculate the greatest common divisor of 13685477 and 3596.
899
What is the highest common divisor of 67747817 and 953?
953
Calculate the highest common factor of 4444 and 4411374.
22
What is the highest common divisor of 894 and 3352947?
447
Calculate the highest common divisor of 72 and 10609984.
8
Calculate the highest common divisor of 2248336 and 16.
16
What is the highest common factor of 114 and 475019?
19
What is the greatest common factor of 3960 and 97520940?
1980
What is the greatest common factor of 3 and 4167699?
3
Calculate the greatest common factor of 3600 and 5401800.
1800
What is the greatest common divisor of 5224 and 32700934?
1306
Calculate the greatest common divisor of 3742 and 873676547.
1871
Calculate the highest common divisor of 60 and 207703740.
60
What is the greatest common divisor of 6307288 and 728?
104
What is the highest common divisor of 5917556 and 3869?
53
Calculate the highest common factor of 2623044 and 455008.
964
What is the greatest common divisor of 1218 and 17057278?
406
What is the highest common divisor of 99 and 6629463?
9
What is the highest common factor of 108 and 5348?
4
Calculate the greatest common divisor of 58643297 and 734.
367
What is the greatest common factor of 89336 and 27464?
8
What is the highest common divisor of 528244645 and 1010?
505
What is the highest common divisor of 360485545 and 105?
35
What is the greatest common factor of 12151 and 3025246621?
12151
What is the greatest common divisor of 14601 and 28731?
471
Calculate the greatest common factor of 838740 and 501060.
420
What is the greatest common divisor of 26 and 112631038?
26
Calculate the greatest common divisor of 207 and 117457803.
207
Calculate the highest common factor of 104107010 and 40.
10
What is the highest common factor of 5967330 and 964250?
5510
What is the highest common factor of 105 and 22533735?
105
What is the highest common divisor of 3901 and 110961953?
83
What is the highest common divisor of 420 and 1765570?
10
What is the greatest common divisor of 28352 and 256497?
443
What is the greatest common factor of 355 and 9726361?
71
Calculate the greatest common divisor of 122227 and 470528.
919
Calculate the highest common divisor of 169630 and 6.
2
Calculate the greatest common factor of 224522919 and 1905.
381
Calculate the greatest common divisor of 11214 and 6138.
18
Calculate the greatest common divisor of 6232551 and 171.
57
Calculate the greatest common factor of 12231 and 350471.
151
Calculate the highest common factor of 31440 and 11608.
8
Calculate the highest common divisor of 3390 and 36170.
10
What is the highest common divisor of 46746 and 11309670?
954
What is the highest common divisor of 19 and 26286101?
19
What is the highest common factor of 612 and 70531164?
612
Calculate the highest common factor of 85842659 and 49.
49
What is the greatest common factor of 8898599 and 1502?
751
What is the highest common factor of 384 and 6811872?
96
What is the greatest common factor of 86320224 and 90?
18
Calculate the greatest common factor of 31690803 and 1058.
529
Calculate the greatest common factor of 2462 and 8634234.
2462
Calculate the greatest common divisor of 7294584 and 1056.
264
What is the highest common factor of 860 and 2688790?
430
What is the greatest common divisor of 188502 and 70221?
267
Calculate the greatest common divisor of 792935087 and 1246.
623
Calculate the highest common factor of 1040 and 85863760.
80
Calculate the highest common divisor of 23863624 and 344.
344
Calculate the greatest common factor of 88252 and 124.
4
Calculate the highest common divisor of 2117 and 32274541.
73
What is the highest common divisor of 148258 and 2024?
506
Calculate the greatest common divisor of 7295227 and 867.
289
Calculate the highest common factor of 289 and 3076711.
17
What is th